*z - 204. Let h be j(-9). What is the units digit of 4/(-10) + 9 + h/(-30)?
6
Let h(s) = 26*s - 242. Let b(k) = 39*k - 364. Let p(c) = -5*b(c) + 7*h(c). What is the tens digit of p(-20)?
8
Let t be 21 - (-1)/(-2 + 35/15). Suppose -t*f + 912 = -22*f. What is the hundreds digit of f?
4
Let u be (-2*7343/(-28))/(2/4). Suppose 4*k = 75 + u. Let y = 427 - k. What is the tens digit of y?
4
Let d(u) = 10*u + 9. Let w be d(0). Suppose -4*y + w*y - 675 = 0. What is the tens digit of y?
3
Let m be (-2)/3 - ((-370572)/36 - -8). Suppose -123*o = -140*o + m. What is the hundreds digit of o?
6
What is the thousands digit of 8896 + -75 + (-1 - 4)?
8
Let i(o) = -1445*o - 3556. What is the tens digit of i(-13)?
2
Suppose -33*n + 38923 = -31*n - 27451. What is the units digit of n?
7
Suppose -19*x - 1216 = -15263 - 12838. What is the tens digit of x?
1
Suppose 0 = -8*g + 16*g - 24. Let p be ((-1)/g*-3)/(4/24). Suppose p*n - 22*n = -4080. What is the hundreds digit of n?
2
Let r be (-728)/(-42) - (-1 - (-4)/3). Suppose r + 58 = -5*o. What is the units digit of o*(0 + 8/(-5))?
4
Suppose 308243 = -52*z + 818363. What is the units digit of z?
0
Let n = 9848 + -433. What is the thousands digit of n?
9
Suppose 5*n + 4813 = 2*h, 3*n - 1207 = h - 3615. What is the thousands digit of h?
2
Let g(c) = 6*c**3 - 26*c - 8. Suppose -4*l + 21 = 3*t, l + l = -4*t + 28. What is the hundreds digit of g(t)?
8
Suppose 273*h = 278*h + 4*p - 19560, -p + 15659 = 4*h. What is the units digit of h?
6
What is the thousands digit of ((-651008)/144)/(2/(-3))*3?
0
Suppose 0 = k + m + 1, 4*m - 5 = -5*k - 13. Let b be (-5 - 157/(-2))*k/(-3). Suppose -14*c = -16*c + b. What is the units digit of c?
9
What is the ten thousands digit of (42/8)/((-297)/(-1253736))?
2
Suppose 6*x + 21*x = 270939 + 58407. What is the tens digit of x?
9
Let u = -100712 - -180127. What is the units digit of u?
5
Suppose -2*j - 2*y - 35 = -7*j, 0 = y. Suppose -3 + j = -4*i. What is the tens digit of (-5 - -25) + i + 1?
2
Let t = 265 + -461. Let j = t - -301. What is the tens digit of j?
0
Let x(q) = -6*q**3 - 96*q**2 - 108*q - 63. What is the thousands digit of x(-27)?
0
Let f(r) = -15*r + 3. Let m = -52 + 44. Let i be f(m). Let k = i - 67. What is the tens digit of k?
5
Suppose -t + 495 = 4*t. Let o = -121 - -110. What is the units digit of 16551/t + 2/o?
7
Let a = -36 + 47. Let v(h) = 20*h**2 + 6*h - a + 19*h**2 - 29*h**2 + 29. What is the units digit of v(-3)?
0
Let o be 81290/44*(-12)/(-10). Let k = o - 1338. Suppose -k = 104*a - 107*a. What is the tens digit of a?
9
Suppose i = -4*i - 30. Let p be ((-6)/(-4))/(30/(-2360)). What is the units digit of (p/i)/((3 - -2)/30)?
8
Let l = -3382 - -18775. What is the ten thousands digit of l?
1
Let n be (12/(-9) + 2)/(2/3). Let a(f) = 125*f**2 - 2*f + 4. What is the units digit of a(n)?
7
Let f be ((-17)/(-85))/((-1)/(-5)). What is the hundreds digit of (f + 1773)*(-33)/(-66)?
8
What is the tens digit of -11621*((-56)/98 + 3/(-7))?
2
Suppose 204*y - 1388913 - 5584640 = 1807219. What is the units digit of y?
3
Let i be ((-40)/(-35) - 0)/(2/14). Suppose i*y - 1574 + 142 = 0. What is the units digit of y?
9
Suppose -38*m + 6902 = -24*m. Let i = -88 + m. What is the hundreds digit of i?
4
What is the units digit of ((16/(-14))/(30 - 32))/(8/731388)?
2
Let d(c) be the third derivative of -137*c**4/24 - c**3 + 3*c**2 - 44*c. What is the tens digit of d(-1)?
3
Suppose -2996 = 18*y - 4*y. Let x = y + 734. Suppose 104 = r - 4*i, 4*r + r + 5*i - x = 0. What is the units digit of r?
4
Suppose 5*f - 4515 = 4*j, -3*j - 4*f = 2860 + 503. Let m = j - -3072. What is the tens digit of m?
4
Suppose -87926 - 247109 - 137637 = -8*y. What is the hundreds digit of y?
0
Let r(i) = 8*i**2 - 5*i - 1. Let y = -53 - -61. Let d be 9 + (-2)/4*y. What is the hundreds digit of r(d)?
1
Let n = -240 - -4708. What is the hundreds digit of n?
4
Let i(p) = 16*p**2 + 5*p + 2. Let b be i(-7). Let f = b + 375. What is the thousands digit of f?
1
Let f = 18223 + -7535. What is the tens digit of f?
8
Suppose -4*g = 2*u - 1292, u = 2*u - 4*g - 664. Suppose -4*q = n - 2634, 3*q - 2*q - 3*n - u = 0. What is the tens digit of q?
5
Let f(m) = 3 + 7*m - 9*m + 3*m. Let v be f(-6). What is the tens digit of 71 + v/1 - 1?
6
Suppose -1976*q - 19701 = -1979*q. What is the units digit of q?
7
Let z(k) = -k - 8. Let t be z(-10). Let f be t/6*73*9. Suppose 3*w + 3*g = f, 201 + 86 = 4*w + 3*g. What is the tens digit of w?
6
Suppose 43*n = 103*n + 2520. Let c(u) = -u**3 - 3*u**2 - 3. Let y be c(-5). Let i = n + y. What is the units digit of i?
5
Let v = 44 - 9. Suppose 21*a - 24*a + 3 = 3*g, -18 = -2*g + 2*a. Suppose 0 = t + g*i - 58, -4*t = 4*i - 197 - v. What is the units digit of t?
8
Suppose 0 = 7*t - 16148 - 28267. Suppose -3*y - 2*a = -4*y + 1588, a = 4*y - t. What is the hundreds digit of y?
5
Let m = -310 + 213. Let k = -41 - m. What is the hundreds digit of (-6)/(-14) + 1576*4/k?
1
Let m(u) = u**2 + 32*u + 37. Let q be m(-16). Let v = -117 - q. Suppose 0 = -v*x + 101*x + 135. What is the units digit of x?
5
Suppose g - 3*r - 1 = 0, -7*g + 5*r - 1 = -6*g. Suppose 0 = g*c - 29 + 13. Suppose n = -c*n + 230. What is the tens digit of n?
4
Let z(m) = 4*m**2 + 35*m + 6. Let f be z(-13). Suppose -9775 = -28*c - f. What is the hundreds digit of c?
3
What is the hundreds digit of (13132/(-147))/(2/(-15))?
6
Let f(u) be the first derivative of 23 + 4/3*u**3 + 11/2*u**2 + 0*u. What is the tens digit of f(5)?
5
Let p be 2 + -3 - (16 - 21). Suppose 4*i + 5*t - 209 = 0, -p*t = 4*i + i - 250. What is the units digit of i?
6
Let d(u) be the second derivative of -101*u**3/3 - 3*u**2/2 + 11*u. Let p be d(-2). Suppose -p = -5*k - 81. What is the tens digit of k?
6
Let b be 5/((72/1737)/8). Suppose b = -23*n + 25*n - f, 967 = 2*n - 3*f. What is the units digit of n?
2
Let g(u) = -u**3 + 11*u**2 - 13*u + 15. Suppose 36 = 22*n - 18*n. What is the tens digit of g(n)?
6
Let r(z) = 3*z**2 + 4*z + 28. Suppose -h + 408 = -5*f, 0 = -4*f - 0*h + 3*h - 322. Let p = -87 - f. What is the units digit of r(p)?
3
What is the tens digit of (3 - (-45)/(-18))*6914 + -1?
5
Let b = 6578 - 5655. What is the hundreds digit of b?
9
Let g = 45 + -18. What is the units digit of (g/15)/((-51)/(-12665))?
7
Let o(q) = -271*q - 694. What is the hundreds digit of o(-14)?
1
Let h(j) = -j**3 - 5*j**2 - 12*j - 3. Let c be h(-7). Let u(w) = w**2 + 2*w + 1. Let t be u(2). Suppose t*m - 154 = c. What is the units digit of m?
7
Suppose 102*l = -27*l + 997557. What is the units digit of l?
3
Let w = 42392 + -9565. What is the units digit of w?
7
Suppose -a - 1 = -2*v - 0, 5*v + 69 = -4*a. Let l = 65 + a. Let o = l - -31. What is the units digit of o?
5
Suppose 4*b - 31 = 5. Suppose -6*l + b*l - r - 3250 = 0, l = r + 1086. What is the thousands digit of l?
1
Suppose -5*h - 129 = -8*h. Let j(n) = -n**3 - 4*n + 11*n**2 + 23*n**2 - h*n**2. What is the units digit of j(-10)?
0
Let t be 1/(-5) - (-63)/15. Let f(q) = -q**3 - 5*q**2 + 13*q - 3. Let b be f(-7). Suppose b*n + 0*n + 162 = 2*y, t*y - 342 = -n. What is the units digit of y?
5
Let g = -42922 - -73588. What is the thousands digit of g?
0
Let b(w) = 10*w**2 + 3*w + 5. Let s be b(-1). What is the hundreds digit of s/(-6) + (-3)/(-3)*604?
6
What is the tens digit of 8 + 55/(-11) + 12005?
0
Suppose -10*d + 11841 = -6629. Suppose -4*w - 3*o = 1841, 0*o + 5*o + d = -4*w. Let c = w + 680. What is the tens digit of c?
2
Let r(x) = -4*x**3 + x**2 - x - 1. Let k be r(-1). Suppose 12*y - 57*y + 180 = 0. Suppose 80 = 3*a - y*m, 3*a + k*m - 110 = -21. What is the tens digit of a?
2
Suppose -6989 = 9*q - 87483 - 151103. What is the units digit of q?
3
Suppose 12*c - 16 = 56. Suppose 43*o + c*o - 37779 = 0. What is the hundreds digit of o?
7
Let n(q) = 190*q**2 - 26*q + 65. What is the units digit of n(3)?
7
Suppose -s + 24 = 4*s - 4*p, 3*s - 8 = -4*p. Suppose 1040 = 3*g + 13*z - 8*z, s*z = -4*g + 1400. What is the units digit of g?
5
Suppose v + 123 = o - 3*v, -o + v + 123 = 0. Suppose -3*l + 4*c + 9 = -o, 5*l - 2*c = 206. What is the hundreds digit of 477/(-12)*l/(-15)?
1
Let k(s) = 16*s**2 + 23*s + 122. What is the thousands digit of k(12)?
2
Let j(g) = -14*g + 3. Let b(o) = 5*o + 35. Let x be b(-6). Suppose -x - 13 = 6*f. What is 